k = -4051 + 7475. Suppose -5*o + 4*o - 2*w = -863, w = -4*o + k. What is the units digit of o?
5
Let f(x) = 211 + 205 + 50*x**2 - 23*x - 502 - x**3. What is the tens digit of f(49)?
8
Let h be (-8)/(-8) + -3*85. Let t = h + 1427. What is the thousands digit of t?
1
Let g(a) = -26*a**3 + 2*a**2 + 10*a + 3. Let m be g(-2). Suppose -13*y = -12*y - m. What is the units digit of y?
9
Let q be (-4 - 0)*(81/12)/(-9). Suppose 3*k = -q*o + 816, -o + 0*o = -k + 280. Suppose k + 134 = 5*n. What is the tens digit of n?
8
Let s be ((-2)/(-3))/(-3*1/(-9)). Suppose 8*r - 8*r = s*r. Suppose r = -2*b + b + 28. What is the tens digit of b?
2
Suppose -5*y + 36*y = 23219. What is the tens digit of y?
4
Let b = 1086 + 4754. What is the thousands digit of b?
5
What is the thousands digit of (0 + -643)*(-196 + 183)?
8
Let r = -24034 + 45888. What is the units digit of r?
4
Let o = 13420 + -9004. Suppose -4*q - o = -4*h, 3*q + 1106 = 37*h - 36*h. What is the tens digit of h?
0
Suppose 7*d + 175 = 7. Let o(s) = 18*s + 4. Let r be o(4). What is the units digit of (r/6)/(d/(-36))?
9
Suppose 0 = 3*p - 9*p + 2004. Suppose -v - 4*s + s + p = 0, -v + 302 = -5*s. What is the tens digit of v?
2
Suppose 4*t = -25 + 137. Suppose -5*q - t = -q. What is the tens digit of (-899)/q - 3/21*3?
2
Let q(n) = 12*n - 23. Let o be q(19). Suppose 0*w + 5*w - o = 0. Suppose -5*t + w = -24. What is the units digit of t?
3
Suppose -29*y = -58*y + 46661. What is the units digit of y?
9
Let a(l) = -l**3 + 6*l**2 - 5*l + 2. Let d be (3/4)/(6/40). Let h be a(d). Let o(c) = 16*c**3 - 3*c**2 + 4*c - 1. What is the units digit of o(h)?
3
Let u(n) = -n**2 - 33*n + 287. Let a be u(-40). Suppose -q = w - 1321, -5*q + 2651 = a*w - 5*w. What is the thousands digit of w?
1
Let v(c) = c**3 - 15*c**2 - 53*c - 18. Let t be v(18). Suppose 7*s - 1897 - 1575 = t. What is the hundreds digit of s?
4
Suppose 517*p + 9990 = 526*p. What is the units digit of p?
0
Let x be 4/5*((-280)/(-16))/1. Suppose 0 = -4*k + 4*y + 2600, x*y - 18*y = 2*k - 1294. What is the hundreds digit of k?
6
Let j(k) = 837*k**2 + 16*k - 94. What is the thousands digit of j(5)?
0
What is the tens digit of 21353 + 6 + -1 + 21/7?
6
Let l(x) = -40*x**2 - 3*x - 1. Let g be l(-2). Let t = 47 + g. Let y = -72 - t. What is the units digit of y?
6
Suppose -2 = -3*h - 38. What is the units digit of (h - 0)*(-759)/12?
9
Let o be -188*(-3 + 4 + -2). Let n(d) = -2*d**3 + 28*d**2. Let p be n(14). Suppose f + 503 = 5*c, -2*c + o = -p*c + 4*f. What is the hundreds digit of c?
1
Suppose 22768 = 2*t + 2*p - 0*p, 4*t + 3*p = 45530. What is the tens digit of t?
7
Let o(x) = -6*x**3 - 39*x**2 + 10*x + 18. Let f = 110 - 119. What is the units digit of o(f)?
3
Let t = -22 + 36. Let r(j) = -582*j + 569*j + t - 7. What is the tens digit of r(-5)?
7
Let n(w) = -4*w + 79. Let p be n(19). Suppose 0 = p*o - 12 - 9. What is the units digit of o?
7
Let s = -161 + 321. Suppose 19*n - 30*n + 55 = 0. Suppose -290 - s = -n*c. What is the tens digit of c?
9
Let a(x) = -8*x**2 + 689*x - 69. What is the ten thousands digit of a(56)?
1
Let x = 128 - 107. Let a = x + 36. What is the tens digit of a?
5
Let z(m) = 2*m**3 - 4*m**2 - 5*m - 10. Suppose 13*o - 74 = 4. Let i be z(o). Let k = -131 + i. What is the hundreds digit of k?
1
Let z be (-6)/(-16)*(-24 + 32). Suppose -1062 = -2*w + 2*d, 0 = -z*w + 2*d - 3*d + 1601. What is the tens digit of w?
3
Suppose 53*o - 50*o = 18. Suppose o*q + 4*r = q + 3085, -15 = -3*r. What is the hundreds digit of q?
6
Let o be (98/6*-2)/(6/(-27)). What is the units digit of (-472)/(-12)*o/14?
3
Let c = -274 - -657. Suppose -3*j = -c - 1048. What is the units digit of j?
7
Let d(n) = n**2 + 26*n - 27. Let v be d(39). Suppose -g - 3*g - 8 = 0, 0 = 5*m - 4*g - v. What is the tens digit of m?
0
Suppose d + 2 - 4 = 0. Suppose -9*c + 5*c = -d*t - 2, -4*t = -12. Suppose 5*u - 241 = 5*b + 29, c*u = -2*b + 112. What is the tens digit of u?
5
What is the units digit of 9 + 175/(-20) + (-820604)/(-16)?
8
Let u(w) = 1228*w**2 + 21*w - 22. What is the units digit of u(-4)?
2
Let x(s) be the third derivative of -s**5/60 - 5*s**4/8 + 13*s**3/6 - 30*s**2. Suppose p + 0 = -8. What is the tens digit of x(p)?
6
Suppose -5*v + 15*v - 170 = 0. Suppose -s - 13920 = -v*s. What is the units digit of s?
0
Let m = 112 - 112. Suppose 1 = 2*r + 3, -3*a - 3*r + 1461 = m. What is the hundreds digit of a?
4
Let x = 136 - 132. Suppose 3*o - 1799 = -2*m, -x*m + o - 6*o = -3593. What is the hundreds digit of m?
8
Let q(r) = 15*r**2 - 32*r**2 + 14 + 74 + 27*r**2 + 2*r. What is the tens digit of q(13)?
0
Let u(g) = -12*g - 117. Let j be u(-9). Let c(p) = -12*p - 9. Let s(m) = -4*m - 3. Let x(n) = 6*c(n) - 17*s(n). What is the tens digit of x(j)?
3
Let o(g) = -2*g + 0 - 8 - 2. Suppose 263 - 373 = 5*k. What is the units digit of o(k)?
4
Let o be (0 + 0 - 5)*28. Suppose 21*u + 146 = -127. Let a = u - o. What is the units digit of a?
7
Suppose 175*y - 9194634 = 475341. What is the ten thousands digit of y?
5
Suppose 35*m - 124*m = -3440918. What is the tens digit of m?
6
Let t(r) be the first derivative of -27*r**2/2 + 227*r + 113. What is the units digit of t(-18)?
3
Suppose 0 = s + 3*s - 172. Let j be (-47)/282 + 286/(-12). Let u = s - j. What is the units digit of u?
7
Suppose g + 0*f + f + 992 = 0, 4*f = -2*g - 1986. What is the hundreds digit of 62/(-14) - 6/(-14) - g?
9
Let s(i) = i**2 + 17*i - 32. What is the units digit of s(-32)?
8
Suppose 4*w = 6*w - 3*s + 24, -5*s = w + 38. Let o be -1*(-27)/(-1)*4. Let m = w - o. What is the tens digit of m?
9
Suppose 0 = 299*x - 209*x - 1315890. What is the tens digit of x?
2
Suppose 4*v + 13 = 61. Let d(a) = -13*a - v - a + 5 + 12. What is the tens digit of d(-4)?
6
Let s(x) = x**3 - 2*x**2 - 7*x + 47. Let c be 0/(((-2)/3)/((-10)/(-15))). What is the units digit of s(c)?
7
What is the hundreds digit of (78/24)/13 - (-127797)/12?
6
Suppose 18*r - 40627 - 97811 = 0. What is the hundreds digit of r?
6
Suppose 49*c = 15*c - 35*c + 805644. What is the hundreds digit of c?
6
Let f(a) be the third derivative of a**6/120 - a**5/6 - 5*a**4/12 - 5*a**3/2 + 9*a**2. Let x be f(11). What is the units digit of (x + 4 + -1)/(2/(-54))?
7
Let c(r) = 7*r**3 + 24*r**2 - 18*r + 65. Let y(t) = -24*t**3 - 72*t**2 + 55*t - 195. Let h(s) = 7*c(s) + 2*y(s). What is the hundreds digit of h(-22)?
3
Let a = 131 - 139. What is the tens digit of 1/a - 5122/(-16)?
2
Let b = 27815 + -10131. What is the units digit of b?
4
Let u(y) = -5*y + y**2 + 10 + 25 - 28. What is the units digit of u(5)?
7
Suppose -15*a + 44092 = -63338. What is the units digit of a?
2
Let o(s) = 4*s + 44. Let y be o(-10). Suppose -4*w - 2872 = -5*z, 8*z - 3*z = -y*w + 2888. Suppose 1094 + z = 10*q. What is the hundreds digit of q?
1
Let r(t) = 8*t + 13. Suppose 6*g + 2*s = g + 4, -g + s + 5 = 0. Suppose u - 22 = -d - 3*d, -u = -g*d + 14. What is the tens digit of r(d)?
6
Suppose -2*q + 3*h + 50384 = 0, -4*h + 4216 + 20998 = q. What is the units digit of q?
8
Let a(f) = -6 - 2*f**3 + 3*f**3 - 7 - f + 7*f**2 + 3*f**2. Let z be a(-10). Let d = z + 15. What is the units digit of d?
2
Let d(p) = 324*p**2 - 32*p + 64. What is the hundreds digit of d(9)?
0
Suppose 0 = 4*k + 5*x - 32375, -k + 4*x - 4238 = -12358. Suppose 28*b + k = 37*b. What is the hundreds digit of b?
9
Suppose 0 = 44*n - 30*n - 812. What is the hundreds digit of ((-6)/(-9))/(n/15051)?
1
Let k(g) = g**3 - 17*g**2 + 27*g + 45. Let h be k(14). Let j = -81 - h. What is the tens digit of j?
8
Let z(i) = -17*i + 245. Let w(f) = 16*f - 243. Let l(h) = -5*w(h) - 4*z(h). What is the units digit of l(-13)?
1
Suppose -146*t = -121*t - 893425. What is the tens digit of t?
3
Suppose -3978*v - 8310 = -3984*v. What is the hundreds digit of v?
3
Let m(b) = -b**3 - 17*b**2 + 3*b - 19. Let y be m(-18). Let h = y + -129. What is the units digit of h?
2
Suppose 2*r = -5*o + 48948, 13*o = 3*r + 15*o - 73422. What is the hundreds digit of r?
4
Suppose 0 = 39*c - 241 - 32. Let l(m) = 314*m - 120. What is the tens digit of l(c)?
7
Let t(u) = u**3 + 4*u**2 + 19*u + 47. Let j be t(-3). Let d(f) = 2 - 159*f - 2 + 3 + 0. What is the hundreds digit of d(j)?
1
Suppose 30219 - 90218 = -17*l + 18643. What is the tens digit of l?
2
Suppose 393*d = 418*d - 418625. What